5/(-20). Let n = 6 - u. Let k be 4 + (2 - n - -2). Give h(k).
-4
Let z(k) be the second derivative of -k**5/40 - k**4/12 + k**3/6 - 4*k. Let v(u) be the second derivative of z(u). What is v(2)?
-8
Let s be (-6)/9*(-10 + 1). Suppose -2*i + q - 17 = s*q, -4*q - 20 = 0. Let p(m) = 2*m - 4. Let x be p(i). Let a(d) = -2*d + 6. Determine a(x).
-2
Let k(l) be the third derivative of -l**4/24 - 11*l**3/6 - 4*l**2. Let b(d) = d + 1. Let f(p) = 5*b(p) + k(p). Calculate f(4).
10
Suppose -2*f + 22 = 4*g, -4*g + 17 = -3*f - 0*f. Let o(z) = 2*z**2 - z. What is o(f)?
1
Let b(t) be the second derivative of -t**5/20 - t**4/2 - 5*t**3/6 + 2*t**2 - t. Let z be b(-5). Suppose z*r - r = 0. Let u(p) = -p + 8. Give u(r).
8
Let n(d) = -4*d - 2*d**2 - d**3 + 3*d + 3*d. Give n(-3).
3
Let a(f) be the second derivative of f**5/20 + f**4/4 - f**3/3 + 5*f**2/2 + 12*f. Give a(-4).
-3
Let p(h) = 10*h**3 - 22*h**2 + 5*h + 3. Let a(t) = -2*t + 7. Let r be a(6). Let u(b) = 7*b**3 - 15*b**2 + 3*b + 2. Let n(q) = r*p(q) + 7*u(q). Give n(3).
5
Let h(z) = -10*z**2 + z - 2. Let r(q) = 10*q**2 - q + 3. Let m(u) = 3*h(u) + 2*r(u). Let k(d) = -d**2 + 5*d + 1. Let o be k(5). What is m(o)?
-9
Let n(d) = 5*d - 33. Let s(o) = -o + 8. Let a(x) = -2*n(x) - 9*s(x). Suppose -2*m = -10, -u = -0*m - 3*m + 5. Let i be (12/u)/(9/(-30)). Give a(i).
-2
Suppose 15 = 5*m - 2*r, r - 9 = -3*m + 6*r. Let c(l) = 3*l + 2*l - 3*l**m + l**2 - 3*l. Let f(h) = -h**2 - h. Let b(o) = c(o) + f(o). Give b(1).
-2
Suppose 2*z = -j + 3, -6*z + z + 15 = 0. Let l(c) be the second derivative of c**5/20 + c**4/6 - 5*c**3/6 - 3*c**2/2 - c. Give l(j).
3
Let t(j) = j**3 + 6*j**2 - 8*j - 8. Let v = 104 + -111. Determine t(v).
-1
Suppose 2*o - 2 = 4. Let q be (-8 - 1)/(o/2). Let f(j) = 2*j + 5. Calculate f(q).
-7
Let v(s) = -s**2 + s + 4. Let r = -14 + 13. Let b = -1 - r. What is v(b)?
4
Let s(p) = 4*p + 0*p + 2 - 4*p + p. Let g be s(0). Let k = -1 - g. Let o(w) = -w - 2. Determine o(k).
1
Let j(s) be the third derivative of -s**4/24 + s**3/2 - 2*s**2. Let h(z) = z + 7. Let u(a) = 4. Let d(r) = -3*h(r) + 5*u(r). Let b be d(-1). Calculate j(b).
1
Let n(p) = 125*p. Let d(z) = 9*z. Let m(o) = -55*d(o) + 4*n(o). Suppose 5*q = -5 + 10. Calculate m(q).
5
Let p(f) = -f**3 + 5*f**2 + 7*f - 7. Let c(n) = 17*n**3 + n**2 - n - 1. Let u be c(-1). Let k = 22 + u. What is p(k)?
-1
Let q be (-4)/1 + (-14 - -13). Let l(m) = -m + 2. Let h(j) = j - 1. Let a(d) = 2*h(d) + l(d). Let t(v) = -3*v + 6. Let o(f) = -4*a(f) - t(f). Give o(q).
-1
Suppose -3*h = h - 3*c + 9, 3*h + 28 = -2*c. Let f(o) = o + 8. What is f(h)?
2
Let p be 0 - 0 - (6 - 1). Let v(k) = k - 4. Let f be v(6). Let j(w) = -w - 10 + 5*w**f + 11 + 3*w + w**3 - w. Give j(p).
-4
Suppose 2*b + 4*k - 1 = 3*b, -16 = -5*b - k. Let c(q) = -b*q + 2 + 0 + q**2 + 5*q - 7*q. Give c(3).
-4
Let r be 9/(-2) - 1/(-2). Let o(t) be the third derivative of -t**6/120 - t**5/15 + t**3/3 - 7*t**2. Determine o(r).
2
Let c(l) be the second derivative of l**4/2 - l**3/6 - 2*l. Let t = -21 + 20. What is c(t)?
7
Let m(f) = f**2 + 1. Let b(x) = 5*x**2 + x + 6. Let j(a) = b(a) - 6*m(a). Give j(0).
0
Suppose 38 = 3*h + 3*x - x, 5*x = -3*h + 50. Suppose 5*b - h = -0*b. Let j(t) = t**2 - 3*t + 1. Determine j(b).
-1
Let p(r) = r - 6. Let u be p(8). Suppose -17 = -3*l - u*l + b, 3*l = -5*b - 1. Let h(z) = z**3 - z**2 - 3*z. Give h(l).
9
Let q(m) = -m**3 - 4*m**2 - 2*m + 2. Let v = -6 - -4. What is q(v)?
-2
Suppose -6 = 2*r - 0. Let c(l) = 4*l**2 + 6*l - 2. Let h(p) = -5*p**2 - 7*p + 3. Let g(s) = r*h(s) - 4*c(s). Determine g(-3).
-1
Let k(q) be the first derivative of -q**4/24 + q**2 + 3. Let d(x) be the second derivative of k(x). Suppose -h = -4*h. Calculate d(h).
0
Let q(a) = -4*a. Let w(l) = -l. Let s(y) = -q(y) + 3*w(y). Suppose p - 2*n = 3*p - 10, 9 = p - 3*n. Calculate s(p).
6
Suppose -5*n = -8*n. Let j = 5 - n. Let v(t) be the third derivative of -t**4/24 + 5*t**3/6 + t**2. Give v(j).
0
Let y(v) be the first derivative of -v**3/3 - 3*v**2 + v - 6. Determine y(-6).
1
Let l(b) = -b**3 - 6*b**2 + 6*b. Let s be l(-7). Let z(y) = -y**3 + 6*y**2 + 7*y - 9. What is z(s)?
-9
Let v = 5 + -8. Let q(b) = -2*b**3 - 10*b**2 + 14*b + 11. Let w(d) = -d**3 - 5*d**2 + 7*d + 6. Let l(j) = v*q(j) + 7*w(j). Give l(-6).
3
Suppose -x = -5*x - q + 9, 0 = -5*q + 5. Let k(f) be the second derivative of -1/12*f**4 + 0 + 0*f**x + 2*f + 1/6*f**3. Give k(-1).
-2
Let w be (-2 - -1)/1 + 1. Let s(g) be the third derivative of -g**4/24 - 14*g**2. Calculate s(w).
0
Let n be 2/(-1) - -9 - 2. Let g(w) = -w**3 + 6*w**2 - 4*w + 3. Determine g(n).
8
Let c be (-12)/((30/(-4))/5). Suppose -2*r - 12 = 2*x - 4, -2*x = -3*r + c. Let b(w) = -w**3 + w**2 + w - 1. Determine b(r).
-1
Let r be -3*(0 + (-12)/(-9)). Let s(p) = 5*p + 6. Determine s(r).
-14
Let v = 8 - 5. Let i(f) be the third derivative of f**5/60 - f**4/8 + 23*f**2. What is i(v)?
0
Let b(v) = -6*v**2 - v**3 + 2*v**2 - 3 + 0*v + 0*v. Calculate b(-4).
-3
Let z(m) = 5*m - 6. Let g(d) = 26*d - 29. Let b(p) = -2*g(p) + 11*z(p). Give b(6).
10
Suppose 0 = 4*y + 20, -2*j - 3*y = -j + 15. Let w(n) = -n - 9. What is w(j)?
-9
Let i = 11 + 9. Suppose 4*v - i = -v. Let q(d) = -2*d + 4. Determine q(v).
-4
Let f(c) = c**3 - c - 2*c**2 + 6*c**2 + 3*c**2 - 5 + 2*c. Determine f(-7).
-12
Let q(p) = 5*p**2. Let o(s) = 9*s**2. Let r(j) = -6*o(j) + 11*q(j). Suppose n - 3*u = 2*n - 7, 0 = -2*n - 5*u + 11. Let m = n - -4. Give r(m).
4
Let q(g) = 6 + 17*g - 5*g - 11*g. Determine q(-5).
1
Let o(w) be the third derivative of -w**6/120 + w**5/60 + w**4/24 + w**3/6 - 6*w**2. Calculate o(2).
-1
Let c(p) = 168*p. Let z(t) = -7*t. Let d(k) = -2*c(k) - 49*z(k). Let q(o) = o**2 - 4*o - 1. Let h be q(4). Determine d(h).
-7
Let n(x) = x**3 + 2*x**2 - 4. Let z = 10 + -2. Let l be (z/(-12))/((-2)/(-9)). Calculate n(l).
-13
Suppose -w = w - 10. Let q(c) be the first derivative of 4/3*c**3 - 1/4*c**4 + 7/2*c**2 - 2 - 6*c. Calculate q(w).
4
Let q(h) = 5 - 7*h - 34*h**2 + 18*h**2 + 17*h**2. Determine q(5).
-5
Suppose 5*m = 4*m. Let h be (0 - m) + (-8)/(-2). Let a(k) = -h*k + 0*k**3 + k**3 - 3 - 2*k**3 - 3*k**2 + 2*k**3. Calculate a(4).
-3
Let v(q) = 2*q - 2. Let j be v(4). Let w(o) = -281*o + 558*o + 12 - 278*o. Give w(j).
6
Let d(a) be the third derivative of 1/24*a**4 - 2/3*a**3 + 0 + 3*a**2 + 0*a. Calculate d(-3).
-7
Let q(y) = y**3 + y**2 - y. Let z = -25 - -26. Determine q(z).
1
Let r = -213 + 223. Let u(o) = o - 4. What is u(r)?
6
Let w(u) = u**2 + u + 6. Let v(j) = -9*j**2 + 3*j - 23. Let b(c) = c**2 - c + 1. Let i(z) = 6*b(z) + v(z). Let x(p) = -6*i(p) - 17*w(p). What is x(-2)?
2
Let y be (-4)/4 - -3 - 5. Let j(k) = k**2 - 3*k - 3. What is j(y)?
15
Let r(c) = 6*c + 4*c + 5*c - 14*c. Let y(j) = j. Let v be y(-4). Calculate r(v).
-4
Let q(w) = -w**2 + 7*w - 6. Let s be -4 - -5 - -1*27. Let i be 132/21 - 8/s. Give q(i).
0
Let c(d) = d - 1 + 0 + 5. Give c(-3).
1
Let k(f) be the first derivative of f**3/3 - f**2 + 2*f - 6. Let o be (-4)/(2*-1) + 0. What is k(o)?
2
Let i(r) = 11*r + 1. Suppose o + 4*a + 1 = 0, -2 + 6 = -2*a. Let z = o - 8. Let g be z/(3 + (2 - 4)). Calculate i(g).
-10
Suppose 2*g = -2*g - 12. Let r(b) = -2*b + b + 2*b - 4. What is r(g)?
-7
Let d(g) = 2*g**3 + 2*g**2 + g. Let w be d(-1). Let n be w/(-3 + 5 - 1). Let c(x) = 7*x - 1. Give c(n).
-8
Let r(h) = -h**3 - 5*h**2 - h. Let m be r(-5). Let t(v) = -2 - 6*v**2 + 10*v**2 + 2*v - m*v**3 + 6*v**3. Determine t(-3).
1
Let k(x) = -x**2 + x - 3. Let f(h) = h + 8. Let o be f(-5). Suppose m = 3*y - 2*m - 9, 2*m - 6 = 0. Suppose -o = -3*d + y. What is k(d)?
-9
Suppose 0*r = 2*r - 4. Let q(t) = t**2 - t - 1. Let i(s) = s**3 - 5*s**2 + 4*s + 5. Let c(b) = i(b) + 4*q(b). What is c(r)?
5
Suppose 4*b + 4 = 4*c + 8, -3*c = 3*b - 15. Let d(r) = -2*r**3 + r**2 + r - 1. Determine d(c).
-11
Let k(p) = 1 + 0*p + 2*p - 4*p**2 + p**3 + 1. Let o be k(2). Let v(u) = 2*u**2 + 3*u + 1. Determine v(o).
3
Let d = 2 + -2. Let v be d/((1*-4)/(-2)). Let l(h) = h**3 - 3*h**2 + 2*h. Let t(o) = o**3 - 4*o**2 + 3*o. Let c(w) = 3*l(w) - 2*t(w). Calculate c(v).
0
Let b(j) be the first derivative of j**4/4 + 2*j**3 - 3*j**2 - 5*j - 9. Determine b(-7).
-12
Suppose -2*z = 4*g - 16, 0 = -g - 0*g - 5*z + 4. Let r(f) = 5*f**2 - 4*f - 1 - 1 - 8*f**3 + 3*f**3 + 4*f**3. Calculate r(g).
-2
Let v(n) be th